t k be b(w). Calculate the highest common factor of o and k.
7
Let x = 11 - -21. What is the greatest common divisor of 4 and x?
4
Let u be -3 - (-2 + 1 + -2). Let h(s) = s**3 + 45. Let g be h(u). Let z(f) = -9*f - 6. Let x be z(-4). What is the highest common divisor of g and x?
15
Let h(d) = -8*d - 7. Let t be h(-5). Suppose 11 = -q + 3*f + t, -q + 24 = -f. What is the highest common factor of 25 and q?
25
Suppose -2*c - v = 7, 3*v + 16 = 4*c + 5. Let n be -1 + c + 34 - 2. Suppose u - 2*u - 5 = -3*d, 0 = -u - d + 15. What is the highest common divisor of n and u?
10
Let g(m) be the first derivative of 3*m**2/2 - 3*m + 1. Let p be g(3). Let h be p/15 - (-48)/5. What is the highest common factor of 20 and h?
10
Suppose -4*s - 32 = -3*n + 8, -4*n - s = -47. Suppose p - 120 = -p. Calculate the greatest common factor of n and p.
12
Let f(o) = -2*o - 6. Let p be f(-5). Let g(w) = 3*w + w**3 + 0*w - p*w**2 - 2*w. Let r be g(4). Calculate the greatest common factor of 8 and r.
4
Suppose -4*c = 40 - 16. Let h be (3/c)/((-2)/112). Calculate the highest common divisor of 42 and h.
14
Let o(s) = -s**3 + 6*s**2 + s - 4. Let u be o(6). Let b = 34 - u. What is the greatest common factor of 8 and b?
8
Suppose 10*o = 14*o - 32. What is the greatest common factor of 88 and o?
8
Let s = 15 - 13. What is the greatest common factor of 2 and s?
2
Suppose -4*x + 36 = 2*z, x - 78 = -3*z - 9. What is the highest common factor of 264 and z?
24
Suppose -2*l - 5*d + 30 = 0, -l = 3*l + 4*d - 72. Calculate the highest common factor of 5 and l.
5
Suppose -2 = 2*b - 2*f, 8*f - 19 = -b + 5*f. Calculate the greatest common factor of 36 and b.
4
Suppose -2*z - 3*z + 3*v + 314 = 0, -5*z + 328 = 4*v. Let t be 2/(-3)*(-6)/(-4). Let x = t - -9. What is the greatest common factor of x and z?
8
Suppose 4*w = -4*a - w + 290, 3*a + w - 223 = 0. Suppose 0 = -3*j + j + 8. Suppose j*c - 1 = 59. Calculate the greatest common factor of a and c.
15
Suppose 0*h - 3*h + 9 = 0. What is the greatest common divisor of 9 and h?
3
Suppose 2*z = 2*b + 61 + 13, -4*z + 2*b + 140 = 0. What is the highest common factor of z and 11?
11
Suppose -m + 25 = -4*x - 6, -2*m = -x - 55. Let j = 1 + -1. Suppose j = 5*q - 23 + 8. What is the greatest common factor of q and m?
3
Let d be (-2)/(-3)*3 + -22. Let i = d + 32. Calculate the greatest common factor of 48 and i.
12
Let u = 1 + -4. Let x be 3/(-2)*6/u. Suppose -y = 3*l - l - 26, 0 = -x*l + 3. What is the greatest common divisor of 60 and y?
12
Let v(q) = 5*q + 23. Let i be v(0). Calculate the greatest common factor of i and 207.
23
Let p be 0 + 141/9 - 5/(-15). Calculate the greatest common divisor of p and 24.
8
Let k = -29 - -50. What is the greatest common factor of 7 and k?
7
Let h(m) = 23*m - 1. Let u be (-4)/10 + 14/10. Let d be h(u). What is the greatest common divisor of d and 55?
11
Let z = -13 + 14. Calculate the highest common factor of 11 and z.
1
Let s = 33 + -15. Suppose 6*b - 2*o = 2*b + 2, -4*b + 4*o - 4 = 0. Calculate the highest common divisor of s and b.
2
Suppose 31 = p + 7. Suppose -3 = -q - 0. Suppose -4*o = 3*g - o - 495, -q*g - o + 501 = 0. What is the greatest common factor of p and g?
24
Let s be ((-50)/(-15))/(1/(-3)). Let k be s/(-2)*(-5 + 6). Suppose -k*t - 180 = -465. What is the greatest common divisor of 38 and t?
19
Suppose f = -3*f + 12. Suppose -2*o + 10 = -4*o - f*c, 3*o - 11 = 2*c. Let q = 2 + o. What is the highest common factor of q and 24?
3
Let p = 18 + 3. Let y(f) = 7*f + 6. Let b be y(-3). Let g = p + b. Calculate the highest common factor of 42 and g.
6
Let u be 6/2*4/6. Suppose d = -u*d + 9. Let y(q) = 3*q**2 - 3. Let m be y(3). What is the greatest common factor of d and m?
3
Let j = -14 + 17. Let m(i) = -i**2 + 8*i - 9. Let h be m(6). Calculate the greatest common factor of h and j.
3
Suppose 0 = -2*q + 4 + 4. Suppose 7 = q*j - 17. Calculate the highest common factor of 66 and j.
6
Let h be (-24)/10*225/(-18). Calculate the greatest common factor of 10 and h.
10
Let i = 13 - -9. What is the highest common factor of 176 and i?
22
Suppose 2*i + 3*i - 30 = 0. Suppose -4*t + i*t = 16. Suppose 0*k - 2*k = -144. What is the greatest common factor of t and k?
8
Suppose 73 - 288 = 5*r. Let h be r/(-3) - (-8)/12. Calculate the highest common factor of h and 165.
15
Let d(s) = -10*s - 22. Let t be d(-15). What is the highest common divisor of t and 8?
8
Let l be 4 - (0 + (-21 - -1)). Calculate the highest common factor of 6 and l.
6
Suppose -i + 2*h - 22 = -3*i, -5*i + 20 = -2*h. Let k(r) = -r**3 - 5*r**2 - r - 1. Let u be k(-5). Calculate the greatest common divisor of i and u.
2
Suppose 135 = -5*y + a + 991, 5*a - 679 = -4*y. What is the greatest common divisor of 19 and y?
19
Let v = -29 + 111. Suppose 0 = -5*i + 4 + 6, -4*z + 3*i = -v. What is the greatest common factor of 242 and z?
22
Suppose v + 2*x = -8 - 8, 4*x - 16 = v. Let o = v + -12. Let d be ((-36)/(-14))/((-3)/o). What is the greatest common divisor of 12 and d?
12
Let q(t) = -3*t + 16*t**3 + 2 + 8*t**2 + 0 - 7*t**2. Let d be q(2). Calculate the greatest common divisor of d and 16.
16
Suppose 4*m + n = 5*m - 15, -4*m + 3*n + 59 = 0. What is the greatest common divisor of m and 35?
7
Let b = 3 - -5. Suppose 3*z - 3 = m + 20, -4*m = 2*z - 20. What is the highest common factor of b and z?
8
Suppose 5*d - d = 56. Let m be ((-84)/10)/(21/(-140)). Suppose 5*l - 14 = m. Calculate the highest common divisor of d and l.
14
Suppose 0*t = 2*t + 12. Let j be -2 - t*2/4. Calculate the greatest common factor of j and 9.
1
Suppose -4*n = d - 5*n - 6, 5*n = 3*d - 20. Suppose 0 = g - 3*i - 40, -3*i + 5*i - 230 = -4*g. What is the highest common divisor of d and g?
5
Let y = -47 - -67. Let b be 8/20 - (-1596)/10. Suppose -3*u - u = -b. What is the greatest common divisor of u and y?
20
Suppose 5*l - 363 = -3*s, 3*s - l - 184 = 179. Calculate the greatest common divisor of s and 11.
11
Suppose 4*r = -5*z + 53, -2*r + 0*r = 2*z - 22. Let d be (z + 3)/((-3)/(-9)). Suppose d + 19 = 5*x. Calculate the highest common divisor of x and 11.
11
Let j(p) = -20*p**3 + 2*p + 1. Let r be j(-1). Suppose 0 = -2*z + 6*z - w - 71, -z + r = w. Calculate the greatest common factor of z and 45.
9
Suppose 0 = -2*n + 5*n + 2*g + 21, -4*g + 48 = -4*n. Let u be (-8)/(-12) + (-183)/n. What is the highest common divisor of 7 and u?
7
Let n(u) = 24*u**2 - 6. Let k be n(-2). Calculate the highest common divisor of 10 and k.
10
Let r = -4 + 8. Suppose -4*g + r*q = 0, -4*g - q = -0*g - 15. Suppose g*o + 13 = 2*d, 5*d + 2*o - 70 = -3*o. Calculate the highest common divisor of d and 99.
11
Suppose 2*m - 4*g - 40 = m, 0 = 5*m + 3*g - 315. Calculate the highest common factor of m and 40.
20
Let b be ((-1)/(-2))/((-2)/(-4)). Let o(i) = -7*i + 2*i - 2 - b. Let r be o(-6). What is the highest common divisor of r and 9?
9
Let j(q) = 3*q - 1. Let i be j(6). Let c = i + 23. Calculate the highest common divisor of 20 and c.
20
Suppose 2 = u - 14. Suppose s - 3*s - 16 = -r, -4*s = 2*r - u. What is the highest common factor of r and 96?
12
Let w be 13/((-26)/(-756))*(-2 - -3). Calculate the greatest common factor of w and 42.
42
Let o(s) = 2*s + 20. Let a be o(-8). What is the highest common divisor of 36 and a?
4
Let v(b) = -b + 2. Let c be v(-3). Suppose -d - 1119 = -c*f, -2*f = 3*f - 2*d - 1118. What is the highest common divisor of f and 28?
28
Let v(a) = -a - 9. Let t be v(-7). Let j be 0*t/6 + -3. Let c be j/(-4)*-2*-12. Calculate the highest common factor of c and 6.
6
Suppose 2*p - 28 = -t, 7*t = -4*p + 4*t + 56. Let k(l) = -l**2 - 4*l + 35. Let x be k(0). What is the greatest common divisor of p and x?
7
Let r(w) = -w + 10. Let n be r(7). Let b(t) = 3*t. Let m be b(4). Calculate the greatest common divisor of n and m.
3
Let y be 1 + 0 - (2 - 217). Suppose -2*l + 5*m + 55 = 17, -m + 26 = l. What is the greatest common factor of y and l?
24
Let s = 178 - 85. Calculate the greatest common divisor of s and 62.
31
Suppose 98 = 3*y - 82. Let k = 3 - -9. Calculate the greatest common divisor of y and k.
12
Let o(u) = -u + 7. Let s be o(5). Let b be 9 - -4 - s/(-1). What is the greatest common divisor of 135 and b?
15
Let g(v) = -v**3 - 11*v**2 + 8*v - 8. Suppose -30 + 6 = 2*t. Let d be g(t). Calculate the gr